{"id":1891,"date":"2024-05-13T06:02:14","date_gmt":"2024-05-13T06:02:14","guid":{"rendered":"https:\/\/viverocipres.com\/catalogo\/?post_type=product&#038;p=1891"},"modified":"2024-05-13T06:05:34","modified_gmt":"2024-05-13T06:05:34","slug":"filiferum","status":"publish","type":"product","link":"https:\/\/viverocipres.com\/catalogo\/producto\/filiferum\/","title":{"rendered":"Filiferum"},"content":{"rendered":"<p>Sus hojas son carnosas, espatuladas a triangulares, glabras y de color verde met\u00e1lico con finas puntas de color rojo que aparentan ser espinas. Las hojas miden unos tres cent\u00edmetros de longitud, se recurvan suavemente hacia abajo terminando en un largo y fino filamento rojizo de hasta doce mil\u00edmetros de longitud. Las hojas m\u00e1s viejas a menudo pierden por desgaste este filamento.<\/p>\n","protected":false},"excerpt":{"rendered":"<p>MENUDEO:<\/p>\n<p>4 pulgadas \u2013 $50<\/p>\n<p>&nbsp;<\/p>\n<p>MAYOREO:<\/p>\n<p>4 pulgadas \u2013 $35<\/p>\n<p>&nbsp;<\/p>\n<p>*Precios sujeto a cambio sin previo aviso. Precio de mayoreo a partir de 100 piezas. Sujeto a disponibilidad.<\/p>\n","protected":false},"featured_media":1892,"template":"","meta":{"_joinchat":[]},"product_cat":[32],"product_tag":[],"class_list":["post-1891","product","type-product","status-publish","has-post-thumbnail","hentry","product_cat-graptopetalum"],"yoast_head":"<!-- This site is optimized with the Yoast SEO plugin v20.6 - https:\/\/yoast.com\/wordpress\/plugins\/seo\/ -->\n<title>Filiferum - Be<\/title>\n<meta name=\"robots\" content=\"index, follow, max-snippet:-1, max-image-preview:large, max-video-preview:-1\" \/>\n<link rel=\"canonical\" href=\"http:\/\/viverocipres.com\/catalogo\/producto\/filiferum\/\" \/>\n<meta property=\"og:locale\" content=\"es_MX\" \/>\n<meta property=\"og:type\" content=\"article\" \/>\n<meta property=\"og:title\" content=\"Filiferum - Be\" \/>\n<meta property=\"og:description\" content=\"MENUDEO:  4 pulgadas \u2013 $50  &nbsp;  MAYOREO:  4 pulgadas \u2013 $35  &nbsp;  *Precios sujeto a cambio sin previo aviso. Precio de mayoreo a partir de 100 piezas. Sujeto a disponibilidad.\" \/>\n<meta property=\"og:url\" content=\"http:\/\/viverocipres.com\/catalogo\/producto\/filiferum\/\" \/>\n<meta property=\"og:site_name\" content=\"Be\" \/>\n<meta property=\"article:modified_time\" content=\"2024-05-13T06:05:34+00:00\" \/>\n<meta property=\"og:image\" content=\"http:\/\/viverocipres.com\/catalogo\/wp-content\/uploads\/2024\/05\/Filiferum.jpg\" \/>\n\t<meta property=\"og:image:width\" content=\"800\" \/>\n\t<meta property=\"og:image:height\" content=\"800\" \/>\n\t<meta property=\"og:image:type\" content=\"image\/jpeg\" \/>\n<meta name=\"twitter:card\" content=\"summary_large_image\" \/>\n<script type=\"application\/ld+json\" class=\"yoast-schema-graph\">{\"@context\":\"https:\/\/schema.org\",\"@graph\":[{\"@type\":\"WebPage\",\"@id\":\"http:\/\/viverocipres.com\/catalogo\/producto\/filiferum\/\",\"url\":\"http:\/\/viverocipres.com\/catalogo\/producto\/filiferum\/\",\"name\":\"Filiferum - Be\",\"isPartOf\":{\"@id\":\"https:\/\/viverocipres.com\/catalogo\/#website\"},\"datePublished\":\"2024-05-13T06:02:14+00:00\",\"dateModified\":\"2024-05-13T06:05:34+00:00\",\"breadcrumb\":{\"@id\":\"http:\/\/viverocipres.com\/catalogo\/producto\/filiferum\/#breadcrumb\"},\"inLanguage\":\"es\",\"potentialAction\":[{\"@type\":\"ReadAction\",\"target\":[\"http:\/\/viverocipres.com\/catalogo\/producto\/filiferum\/\"]}]},{\"@type\":\"BreadcrumbList\",\"@id\":\"http:\/\/viverocipres.com\/catalogo\/producto\/filiferum\/#breadcrumb\",\"itemListElement\":[{\"@type\":\"ListItem\",\"position\":1,\"name\":\"Inicio\",\"item\":\"https:\/\/viverocipres.com\/catalogo\/\"},{\"@type\":\"ListItem\",\"position\":2,\"name\":\"Cat\u00e1logo\",\"item\":\"https:\/\/viverocipres.com\/catalogo\/productos\/\"},{\"@type\":\"ListItem\",\"position\":3,\"name\":\"Filiferum\"}]},{\"@type\":\"WebSite\",\"@id\":\"https:\/\/viverocipres.com\/catalogo\/#website\",\"url\":\"https:\/\/viverocipres.com\/catalogo\/\",\"name\":\"Be\",\"description\":\"Otro sitio realizado con WordPress\",\"potentialAction\":[{\"@type\":\"SearchAction\",\"target\":{\"@type\":\"EntryPoint\",\"urlTemplate\":\"https:\/\/viverocipres.com\/catalogo\/?s={search_term_string}\"},\"query-input\":\"required name=search_term_string\"}],\"inLanguage\":\"es\"}]}<\/script>\n<!-- \/ Yoast SEO plugin. -->","yoast_head_json":{"title":"Filiferum - Be","robots":{"index":"index","follow":"follow","max-snippet":"max-snippet:-1","max-image-preview":"max-image-preview:large","max-video-preview":"max-video-preview:-1"},"canonical":"http:\/\/viverocipres.com\/catalogo\/producto\/filiferum\/","og_locale":"es_MX","og_type":"article","og_title":"Filiferum - Be","og_description":"MENUDEO:  4 pulgadas \u2013 $50  &nbsp;  MAYOREO:  4 pulgadas \u2013 $35  &nbsp;  *Precios sujeto a cambio sin previo aviso. Precio de mayoreo a partir de 100 piezas. Sujeto a disponibilidad.","og_url":"http:\/\/viverocipres.com\/catalogo\/producto\/filiferum\/","og_site_name":"Be","article_modified_time":"2024-05-13T06:05:34+00:00","og_image":[{"width":800,"height":800,"url":"http:\/\/viverocipres.com\/catalogo\/wp-content\/uploads\/2024\/05\/Filiferum.jpg","type":"image\/jpeg"}],"twitter_card":"summary_large_image","schema":{"@context":"https:\/\/schema.org","@graph":[{"@type":"WebPage","@id":"http:\/\/viverocipres.com\/catalogo\/producto\/filiferum\/","url":"http:\/\/viverocipres.com\/catalogo\/producto\/filiferum\/","name":"Filiferum - Be","isPartOf":{"@id":"https:\/\/viverocipres.com\/catalogo\/#website"},"datePublished":"2024-05-13T06:02:14+00:00","dateModified":"2024-05-13T06:05:34+00:00","breadcrumb":{"@id":"http:\/\/viverocipres.com\/catalogo\/producto\/filiferum\/#breadcrumb"},"inLanguage":"es","potentialAction":[{"@type":"ReadAction","target":["http:\/\/viverocipres.com\/catalogo\/producto\/filiferum\/"]}]},{"@type":"BreadcrumbList","@id":"http:\/\/viverocipres.com\/catalogo\/producto\/filiferum\/#breadcrumb","itemListElement":[{"@type":"ListItem","position":1,"name":"Inicio","item":"https:\/\/viverocipres.com\/catalogo\/"},{"@type":"ListItem","position":2,"name":"Cat\u00e1logo","item":"https:\/\/viverocipres.com\/catalogo\/productos\/"},{"@type":"ListItem","position":3,"name":"Filiferum"}]},{"@type":"WebSite","@id":"https:\/\/viverocipres.com\/catalogo\/#website","url":"https:\/\/viverocipres.com\/catalogo\/","name":"Be","description":"Otro sitio realizado con WordPress","potentialAction":[{"@type":"SearchAction","target":{"@type":"EntryPoint","urlTemplate":"https:\/\/viverocipres.com\/catalogo\/?s={search_term_string}"},"query-input":"required name=search_term_string"}],"inLanguage":"es"}]}},"_links":{"self":[{"href":"https:\/\/viverocipres.com\/catalogo\/wp-json\/wp\/v3\/product\/1891","targetHints":{"allow":["GET"]}}],"collection":[{"href":"https:\/\/viverocipres.com\/catalogo\/wp-json\/wp\/v3\/product"}],"about":[{"href":"https:\/\/viverocipres.com\/catalogo\/wp-json\/wp\/v2\/types\/product"}],"version-history":[{"count":1,"href":"https:\/\/viverocipres.com\/catalogo\/wp-json\/wp\/v3\/product\/1891\/revisions"}],"predecessor-version":[{"id":1893,"href":"https:\/\/viverocipres.com\/catalogo\/wp-json\/wp\/v3\/product\/1891\/revisions\/1893"}],"wp:featuredmedia":[{"embeddable":true,"href":"https:\/\/viverocipres.com\/catalogo\/wp-json\/wp\/v2\/media\/1892"}],"wp:attachment":[{"href":"https:\/\/viverocipres.com\/catalogo\/wp-json\/wp\/v2\/media?parent=1891"}],"wp:term":[{"taxonomy":"product_cat","embeddable":true,"href":"https:\/\/viverocipres.com\/catalogo\/wp-json\/wp\/v2\/product_cat?post=1891"},{"taxonomy":"product_tag","embeddable":true,"href":"https:\/\/viverocipres.com\/catalogo\/wp-json\/wp\/v2\/product_tag?post=1891"}],"curies":[{"name":"wp","href":"https:\/\/api.w.org\/{rel}","templated":true}]}}